- 5*b + 81, -s - d*b + 29 = 0. What is the tens digit of s?
1
Let i(t) = -10*t - 3. Let h(l) = -15*l - 4. Let v(g) = -5*h(g) + 7*i(g). Let w be v(2). Suppose 5*y - w - 16 = 0. What is the units digit of y?
5
Let t(y) = 12*y - 107. What is the units digit of t(22)?
7
Suppose 5*w - 75 = 5*d, -w - d + 25 = 2. Suppose 2*c + 5 = w. What is the units digit of c?
7
Let y(r) = 2*r**2 + 4*r + 6. What is the tens digit of y(5)?
7
Let i = -2 - -4. Suppose 54 = h + i*h. What is the units digit of h?
8
Suppose -2*q = q + 18. Let c be 3/(-3 + (-15)/q). Let u(r) = r**3 + 6*r**2 + 4. What is the units digit of u(c)?
4
Let c(a) = a**3 - 5*a**2 + 4*a - 6. Let r be 3/1 + -4 + 5. Let f be c(r). What is the units digit of -2 - (f + 2) - -1?
3
Suppose 11 = -2*i - 3. Let h(f) = 2*f**2 + 8*f + 2. Let u be h(i). Suppose -4*r = -0*r - u. What is the units digit of r?
1
Suppose 4*a - 5*x = 673, -3*a - 2*x = -87 - 389. What is the units digit of a?
2
Suppose 4*w - 105 - 7 = 0. What is the units digit of w?
8
Suppose -q + 124 = 2*y - 5*y, 4*y - 8 = 0. What is the hundreds digit of q?
1
Let g(t) = 32*t. Let c be g(2). Suppose -9 = 5*x - c. What is the tens digit of x?
1
Let x(q) = -3*q**3 - 5*q**2 - 3*q - 3. Let y(s) = -7*s**3 - 9*s**2 - 5*s - 7. Let o(g) = -5*x(g) + 2*y(g). Suppose -w - w = 12. What is the units digit of o(w)?
7
Suppose 5*f = 10, 4*m - 184 = f - 3*f. What is the tens digit of m?
4
Suppose -2*l = -2*h - 4, 5*h - 6*l = -4*l - 1. Let t = -20 - -21. Let k = h + t. What is the units digit of k?
2
Let q(i) = 0 + 4 + 8 + 7 - i. What is the units digit of q(15)?
4
Let p be 12 - (4 - 3)*-2. Let l = -8 + 12. What is the units digit of 534/42 + l/p?
3
Let v(w) = -w**3 + 7*w**2 - 7*w + 9. Let b be v(6). What is the units digit of (1 - -28) + (4 - b)?
0
Let g be (1 - -147)*2/4. Suppose 0*k = 2*k - g. What is the units digit of k?
7
Let n(a) = 9*a**3 + a - 1 + 14*a**3 + 4*a**2 - 3*a**2. Let v be n(1). Suppose -2*w - v = -2*c, -48 = -3*c - c + 2*w. What is the tens digit of c?
1
Let r(k) = -2*k**3 - 26*k**2 - 13*k + 2. What is the hundreds digit of r(-13)?
1
Suppose 2 = 2*m - 12. What is the units digit of m?
7
Suppose b + o = 74, -4*b = -7*b + 5*o + 262. Suppose 4*u = -5*c - 9 + b, -4*u - c = -78. What is the tens digit of u?
2
What is the units digit of -5 - (-3 + (-27)/1)?
5
Suppose 2*m - 57 - 139 = 0. What is the units digit of m?
8
Let b(c) = c - 5. Let d be b(7). Suppose -d*j + 112 = 2*j. What is the units digit of (-63)/j*(1 + -9)?
8
Suppose -227 + 72 = -4*z + 3*l, -l = -z + 40. What is the tens digit of z?
3
Suppose -f + 2*a = -0*f - 23, 3*a = f - 25. What is the units digit of f?
9
Let n = -32 - -72. What is the tens digit of n?
4
Let g(y) = -1. Let d(i) = -i + 1. Let c(q) = d(q) + g(q). Let n be c(-2). What is the units digit of -12*(-1 + n/6)?
8
Let w = 8 - 12. Let x(m) = m**3 + 6*m**2 - 3*m + 2. What is the units digit of x(w)?
6
Let s = 23 + -14. Suppose 4*h + 45 = s*h. Suppose -4*u + 19 = -h. What is the units digit of u?
7
Let w(u) = -u**2. Let c be w(1). Let v be 0/c - (-2 - 0). Suppose v*q - 7 + 1 = 0. What is the units digit of q?
3
Let y be (1 - 0/(-2))*-2. Let m be 0 - (-1 + y*5). Suppose 2*v = -3*a + m, a - v = 4*v - 2. What is the units digit of a?
3
Suppose 1 = -3*o - 5*g + 130, -33 = -o - 5*g. What is the tens digit of o?
4
Let u = 68 - 104. What is the tens digit of (-495)/u - (-1)/4?
1
Let r be (0 + 0)/(5/(-5)). Suppose -l = -5*h - 19, -h + r*h - 76 = -4*l. What is the units digit of l?
9
Suppose -2*a - 4 = -6*a. Let r be (a - 9/15)*-5. What is the tens digit of 2/5*(-50)/r?
1
Suppose 0*p - 5*n + 45 = 5*p, -20 = -4*n. Let b(c) = -5*c**2 + 3*c + c**3 + 0*c**2 + 1 + 2*c. What is the units digit of b(p)?
5
Suppose 0*r = -3*r + 132. What is the tens digit of r?
4
Let x = -2 + 6. Suppose -17 = -x*d + 75. What is the tens digit of d?
2
Let a(q) = -12*q - 10. What is the units digit of a(-7)?
4
Let c be 8/3 + (-2)/(-6). Suppose t = c*t. What is the units digit of -1 - (t/(-1) - 5)?
4
Let k(o) = -o**3 - 3*o**2 - 2*o + 4. Let z be (-36)/21 - 4/14. Let v = z + -1. What is the units digit of k(v)?
0
What is the units digit of (-1093)/(-7) - (-2)/((-56)/4)?
6
Let c(m) = -248*m - 3. What is the tens digit of c(-1)?
4
What is the tens digit of (4/(-3) - -2)/((-6)/(-1341))?
4
What is the tens digit of (96/(-20))/(2/(-25))?
6
Let d(n) = -2*n**3 + 4*n**2 - 3*n + 2. Let o be d(2). Let c be 14/6 + (-1)/3. What is the units digit of 2/(-2) - o/c?
1
Let y(n) = 40*n**2 - 2*n - 1. What is the units digit of y(-1)?
1
Let b(r) = 4*r**2 + 29*r - 14. What is the tens digit of b(-9)?
4
Let w be -3 + -1 + 3/3. Let o(t) = -t**3 - 4*t**2. Let l be o(w). Let q = l + 15. What is the units digit of q?
6
Let c = 119 - 20. What is the units digit of c?
9
Suppose x = -x + 4. Let r(q) = -4*q**2 - 7*q + 6 + x*q**2 + 2*q**3 - q**3. What is the units digit of r(4)?
0
Let k(x) = -x**3 + 7*x**2 - 2*x + 17. What is the units digit of k(7)?
3
Let q = -3 + 5. Suppose -q*r + 80 = 3*r. What is the tens digit of r?
1
Let o(p) = p**3 - 3*p**2 - 3*p - 4. Let z be o(4). Suppose 0 = -z*t + t - 2. Suppose 2*a - 4*s = 2, -t*s + 0 = a - 9. What is the units digit of a?
5
What is the tens digit of 26/2 + (-2)/1?
1
Let i = -21 + 93. What is the units digit of i?
2
Suppose -3*i + 8*i = 35. Let a = i - 4. What is the units digit of 10*((-24)/(-10))/a?
8
Suppose 11*o - 4*o = 63. What is the units digit of o?
9
Let q = -4 - -4. Suppose -4*c + 8 = -5*f, -f = -q*c + 5*c - 10. Suppose 5*v + 2*y = 20, 2*v - c*y - 16 = -2*v. What is the units digit of v?
4
Suppose -5 - 166 = -3*g. What is the units digit of g?
7
Let z(q) = q**3 + 5*q**2 - 7*q - 11. What is the tens digit of z(-5)?
2
Suppose 153 = 2*z - 653. What is the hundreds digit of z?
4
Suppose -3 = 4*x - 15. Suppose 0*o + 3*o = 5*s - 108, 0 = s - x*o - 12. Suppose 0 = -4*z - 0*z + s. What is the units digit of z?
6
Let g = -22 - -16. What is the units digit of (-164)/(-9) - g/(-27)?
8
Let h = 14 + -26. Let k = h + 21. What is the units digit of k?
9
Suppose 3*v - 27 = -4*w, 0 = 2*w + 2*w - 2*v - 22. Let c = -3 + w. Suppose -1 = -o - 4*r + 10, -10 = -o - c*r. What is the units digit of o?
7
Let i(t) be the third derivative of t**6/120 - t**5/20 + t**4/6 - t**3/3 + t**2. Let c be i(2). Suppose 9 + 13 = c*b. What is the units digit of b?
1
Let i(n) = 2*n + 6 - 5*n + 2*n. What is the units digit of i(-7)?
3
Let q(y) = y**2 + 1. Let h = -1 - -6. Suppose 3*m - r = 5, -h*m - 2*r = -3*m - 6. What is the units digit of q(m)?
5
Let q be -1 + 0 - (-6 + 1). Let m be -1 - (-6 - -1) - 1. Suppose -h - m = -q*h. What is the units digit of h?
1
Let a = -11 - -14. Suppose 3*p - 14 = 2*q, 4*q + 5 + 3 = p. Suppose -a*r - 9 = 3*f, f - p*f - 2*r = 4. What is the units digit of f?
2
What is the units digit of (-18)/(2 + (-2 - 2))?
9
Let x = -10 + 34. Let l = x + -16. What is the units digit of l?
8
Suppose -5*t + 4 = -4*t. Let n(j) = j - 3. Let o be n(t). Suppose o = 3*y - 8. What is the units digit of y?
3
Let y be (-5)/5 - (4 + -1). Let z = 9 + y. What is the units digit of z?
5
Suppose -8 = j + j. What is the units digit of (-25)/j + (-1)/4?
6
Suppose 509 = 7*n - 58. What is the units digit of n?
1
Let w(x) = -x**2 - 6*x - 6. Let s be w(-4). Suppose 20 = -5*i, -2*r - 2*i + 8 = s*i. Let c = -6 + r. What is the units digit of c?
6
Let a = -23 - -46. What is the units digit of a?
3
Suppose n + 27 = 5*k - 0*k, n + 21 = 2*k. Let z = 7 - n. What is the tens digit of z?
2
Let g be (-102)/(-4)*(-14)/(-21). Let c be -4*(0 - (-2)/(-4)). Suppose b + w - g = -3, -w + 26 = c*b. What is the tens digit of b?
1
Let k = 15 + -21. Let t = -6 - k. Suppose -j + 5 = -t*j - 3*v, -2*j = 2*v - 2. What is the units digit of j?
2
Let j = 2 + 2. Suppose 24 = 5*m + j, 5*w + 4*m - 1 = 0. What is the units digit of -1*(-6 + 3) - w?
6
Let s(w) = 4*w + 3. Let y(m) = -11*m - 8. Let l(z) = -8*s(z) - 3*y(z). Let q be l(-3). Let n(u) = 2*u**2 + 4*u - 1. What is the units digit of n(q)?
5
Let m(y) = y**2 + 2*y - 2. Let a be m(-4). Let k(t) = -t**3 + 7*t**2 - 3*t - 7. What is the tens digit of k(a)?
1
Suppose 3*b + 0 = -12, 3*p + 2*b = -26. Let q = p + 13. Suppose 2*i = q*i - 10. What is the units digit of i?
2
What is the units digit of 2 + 0 - (28/7 - 18)?
6
Let d(s) = -s**3 + 2*s**2 + s. What is the uni